f n and 8?
8
Suppose -9*d + 40 = -5*d. Let w be (3 - 1 - 0) + -19. Let r = w + 27. Calculate the highest common factor of d and r.
10
Let u(a) = 3*a + 22. Suppose -8*c - 4 = -10*c. Let g be u(c). Calculate the greatest common factor of g and 35.
7
Let i = 57 - 52. Suppose 2*u + 3 - 47 = 4*t, -i*u - 5*t = -185. Calculate the highest common factor of u and 320.
32
Let k(z) = -29*z - 1. Let j be k(-1). Let m(i) = -i**2 - 6*i - 15. Let g be m(-8). Let d = 38 + g. Calculate the greatest common factor of j and d.
7
Let l be (-56016)/(-200) - 14/175. Calculate the highest common factor of 42 and l.
14
Let j(h) = -h**3 + 11*h**2 - 10*h + 42. Let l be j(9). What is the highest common divisor of 1368 and l?
114
Suppose 23*b = 10*b + 5551. What is the greatest common factor of 61 and b?
61
Let a = -21 - -21. Suppose 0 = 5*v + 4*q - 74, 2*v + 0*v + 2*q - 28 = a. What is the greatest common divisor of 144 and v?
18
Let c = 19 + 11. Let z(w) = w + 2. Let a be z(2). Suppose 3*t + 5*b = 145, -a*t - b + 184 = 2. What is the highest common divisor of t and c?
15
Suppose -75 = -20*n + 5*n. Calculate the greatest common divisor of n and 2.
1
Let x(c) = -23*c - 22*c + 8*c**2 + 51*c + 10. Let l be x(-2). Calculate the highest common factor of 105 and l.
15
Suppose d + 0*d + 13 = 4*u, -14 = 3*u + 4*d. Suppose -4*w = -9*w - 5, -4*o + u*w = -502. What is the highest common factor of 50 and o?
25
Suppose -4*l - 344 = -d, 258 - 1686 = -4*d + 3*l. Calculate the highest common divisor of 45 and d.
45
Suppose -380*w - 252 = -387*w. Calculate the greatest common divisor of 153 and w.
9
Suppose m + 1 = 8. Suppose -1 = -m*p + 132. Let q be (-5)/(-2 + (-37)/(-19)). Calculate the highest common divisor of p and q.
19
Suppose -4*p = -4*z - p + 433, 0 = -z - 5*p + 91. Let j = z - 72. Let i = -23 + j. Calculate the greatest common factor of 99 and i.
11
Let m = -1 - -1. Let k(d) = 5*d - 4*d + 25 + 13 - 6. Let l be k(m). Calculate the highest common divisor of 8 and l.
8
Let z = 59 + -55. Suppose 3*f = z*k + 6, -f + 0*k = -2*k. Calculate the highest common factor of 24 and f.
6
Let z = -11 - -61. Suppose 0*n + z = 5*n. Let d = n + -3. Calculate the greatest common factor of d and 21.
7
Suppose -4*x = 4*c - 180, -x + 50 = c + x. Let q be 356 + (2/9 - (-204)/54). Calculate the highest common divisor of q and c.
40
Let j be 1/(5/(-10)) - -133. Let z = -77 + j. Calculate the highest common factor of z and 6.
6
Suppose -18*i - 345 = -21*i. Calculate the highest common factor of 69 and i.
23
Let q(f) = -2*f**2 + 24*f - 53. Let w be q(8). What is the greatest common divisor of w and 5137?
11
Let w(i) = -i**2 - 9*i + 11. Let s = 21 + -31. Let q be w(s). Calculate the highest common divisor of 3 and q.
1
Let h(t) = t**2 - 5*t + 2. Let g be h(7). Let q(i) = -i**2 + 84*i - 824. Let y be q(72). Calculate the highest common factor of y and g.
8
Let h(s) = 5*s - 61. Let t be h(14). Let v = 11 - t. What is the highest common divisor of v and 11?
1
Suppose -10*a + 3102 = 12*a. What is the greatest common divisor of a and 3?
3
Let q be 24/60 - 657/(-45). What is the highest common divisor of q and 1905?
15
Let s = -669 - -689. Calculate the highest common divisor of s and 70.
10
Let o = -5 - -5. Suppose o = -t - t + 90. Calculate the highest common factor of t and 5.
5
Let j(p) = p**3 + 5*p**2 + 2*p + 11. Let g be j(-5). Let r = 273 - g. Calculate the highest common factor of r and 34.
34
Suppose 0 = -12*c - 57 - 27. Let g be ((-8)/(-6)*c)/(5/(-15)). Calculate the greatest common factor of g and 98.
14
Let h = 2701 + -2553. Calculate the highest common divisor of 2146 and h.
74
Suppose -5*f - 10 = -2*i, -i - 8*f + 3*f = -35. What is the highest common factor of i and 375?
15
Let l be 8/(-3)*(-462)/4. Let x = -61 - -61. Let g be -3 - (x + 62/(-2)). Calculate the highest common factor of l and g.
28
Let p(d) be the second derivative of -d**5/20 - d**4/2 + d**3/6 - 11*d. Let q be p(-8). What is the highest common factor of 15 and q?
15
Let h = -3 + 19. Let b be h + (3 + -5 - -1). Let p = b + -4. What is the highest common factor of 99 and p?
11
Suppose 3*d = 2*b + 11, d = -2*b + 7 + 2. Suppose 2*v - v - b = 0. Suppose 10 + 4 = v*a + 2*h, 4*h = 12. What is the greatest common divisor of 12 and a?
4
Let x = -85 - -119. What is the highest common factor of 153 and x?
17
Let a(b) = 10*b**2 + 30*b - 211. Let d be a(6). Calculate the highest common divisor of d and 47.
47
Let z be (-76)/(-18) - (-22)/(-99). Suppose -867 = -z*l + 2433. Suppose 5*p - l = -0*p. Calculate the greatest common factor of 15 and p.
15
Let u be -3*-3*792/81. Let a(q) = -q**3 + 5*q**2 + 6*q + 7. Let c be a(5). Suppose -7 - c = -4*h. Calculate the highest common divisor of u and h.
11
Let t be 3*(-1)/(-3)*-157. Let m = -92 - t. Suppose 13*u = 173 + 165. Calculate the highest common divisor of u and m.
13
Suppose a - a + 2*a = 0. Suppose 0*l + 5*l - 75 = a. Calculate the greatest common factor of 120 and l.
15
Suppose -3*b + 6*q - 4*q = -4, -10 = 4*b + 5*q. Suppose b = -6*t - 66 + 822. What is the greatest common factor of t and 18?
18
Let r = 355 + -157. Suppose 13*o = 408 - 122. Calculate the greatest common factor of r and o.
22
Suppose -d + a + 19 - 6 = 0, -3*d = a - 27. What is the highest common factor of 14 and d?
2
Suppose -55 - 9 = -2*y. Let d = -224 + 232. Calculate the highest common divisor of d and y.
8
Suppose 1053 + 1731 = 87*i. Let g be (-116)/(-10) - 4/(-10). Suppose 4*k - g = k. What is the greatest common factor of i and k?
4
Let u be 69 - (12 - 4 - 5). What is the highest common divisor of u and 6?
6
Let u = -15 + 33. Suppose 52 = 5*c + p, -c - p = 3*p - u. What is the greatest common divisor of 5 and c?
5
Suppose -4*i = 3*l - 0*l - 25, 0 = -3*i + l + 9. Suppose d + 2*d - i*j - 33 = 0, -3*j = 0. Calculate the highest common factor of d and 11.
11
Let c = 616 + -588. Calculate the highest common factor of c and 1260.
28
Let o be 28*(-1)/(0 - (-3 + 4)). Suppose -3*p = -m - 34, p + 2*m + m = o. What is the greatest common factor of 52 and p?
13
Suppose -103 = -13*h + 14. What is the highest common divisor of 9 and h?
9
Let w be (-16)/10*(-270)/(-24)*4. Let k = w - -303. Calculate the highest common divisor of k and 21.
21
Suppose -7*x + 94 = 2*q - 3*x, -5*q = 5*x - 225. Calculate the greatest common divisor of 172 and q.
43
Suppose 0 = -21*x + 23*x - 16. Let g be (-22)/(-3) + (x/(-12))/(-1). Calculate the greatest common factor of g and 88.
8
Let v(z) = -232*z - 506. Let m be v(-3). What is the highest common divisor of m and 10?
10
Let h be (-1)/((-1 - 3)/12). Let s be (-21*h)/((-21)/14). Calculate the highest common divisor of 28 and s.
14
Let m(k) = 2*k**2 - 32*k + 136. Let x be m(10). What is the greatest common factor of x and 848?
16
Let x be 12 + -10 + (0 - 0). What is the highest common divisor of x and 29?
1
Suppose -3*d = -5*t + 71, -5*d - 14 = -4. Calculate the greatest common divisor of t and 416.
13
Suppose -16 = -3*p + 29. Let u(o) = o**3 - 13*o**2 - 29*o - 4. Let f be u(p). What is the highest common factor of f and 33?
11
Let v(z) = -2*z**2 + 6. Let w(n) = n**3 - 6*n**2 + 6*n - 5. Let h be w(5). Let d be v(h). Calculate the greatest common factor of 18 and d.
6
Let k be (2 - (-3 + 0))*19 + 5. What is the highest common factor of 60 and k?
20
Let p(x) = 6*x**2 + 8*x + 71. Let m be p(11). Calculate the greatest common divisor of m and 15.
15
Let h(f) = -f**3 - 2*f**2 - f + 2. Let g be h(-2). Let w be 18/(-15)*(0 + -5). What is the greatest common divisor of w and g?
2
Suppose 6*d - 58 = 164. What is the greatest common divisor of d and 333?
37
Let c = 6 - 4. Let g = -156 + 76. Let v = -70 - g. What is the highest common factor of c and v?
2
Suppose 0 = -5*d - 2*c + 20, d + 2*d - 3*c - 33 = 0. Let f = d - 4. Suppose -7*x = -2*x - 50. Calculate the greatest common divisor of x and f.
2
Suppose 2*r + 2*i = 4 + 4, -9 = -4*r + 3*i. Suppose 0 = -4*s + 5 - 1. Let b be s/(((-4)/42)/(-2)). What is the highest common factor of b and r?
3
Suppose -3*f + 24 = f. Let n(a) = 2 + 3*a + 2*a - 8. Let z be n(6). What is the greatest common divisor of f and z?
6
Suppose -9*i + 58 - 13 = 0. Suppose -w - 23 = -3*n + w, 3*n + 2*w = 31. Suppose 0 = -12*z + n*z + 60. What is the greatest common factor of i and z?
5
Let j = 